 = -5*p, 0 = -4*p - z + 251. List the prime factors of p.
2
Suppose 40 = j - 1. What are the prime factors of j?
41
List the prime factors of (1*73)/(1*(-5)/(-10)).
2, 73
Let n be (-3 + 2)*(-2)/1. Suppose 8 = w - u, -w = -n*w + 3*u. List the prime factors of w.
2, 3
Let x(v) = -8*v**3 + v**2. Suppose 4*g - 4*a - 6 = 2*g, 4*a = -4*g - 12. What are the prime factors of x(g)?
3
Let i(h) be the third derivative of 7*h**5/60 - h**4/12 + h**3/6 + 3*h**2. List the prime factors of i(1).
2, 3
Let h = -100 - -135. List the prime factors of h.
5, 7
Suppose -2*o + g + 160 = 0, -2*o - 4*g + 170 = -0*o. What are the prime factors of o?
3
Let l be (4 - 1)/(6/4). Suppose -d + l*x + 13 = 0, 6*x - 4*x + 23 = 3*d. Suppose d*h = 2*t - 5*t + 30, 4*h + 5*t = 11. What are the prime factors of h?
3
Suppose -d = -5*m + 304, 68 = m - 6*d + 4*d. What are the prime factors of m?
2, 3, 5
Let x(f) = 9*f - 51. List the prime factors of x(10).
3, 13
Suppose -4*u = -55 + 11. Let p be (-12)/(-66) - (-878)/u. What are the prime factors of p/44 + 4/22?
2
Let i(g) = g + 6. Let y(a) = a + 4. Let f be y(5). List the prime factors of i(f).
3, 5
Suppose -173 = -3*n + 5*o, 192 = -3*n + 7*n + 3*o. What are the prime factors of n?
3, 17
Suppose 3*k - 3*v - 34 = -k, 2*k - 10 = 5*v. Let p = -5 - -8. Let y = p + k. List the prime factors of y.
13
Let f = -1 - -3. Let x be ((-47)/3 + -1)*-3. Suppose 5*b - 3*j - f*j - x = 0, -5*j = -3*b + 34. List the prime factors of b.
2
Let d = -9 - -5. Let j = 9 + d. Suppose g = -2*w + 5, 0*w = -2*w - j*g + 1. List the prime factors of w.
3
Suppose 1 = f, -48 = -3*c + 3*f + 102. Suppose 0*v - 2*v + 31 = -k, -3*k + c = 2*v. List the prime factors of v.
2, 3
Let o(f) be the third derivative of -7*f**4/24 - f**3/6 + 2*f**2. Let a be o(-1). Let q(r) = -r**3 + 6*r**2 + 3*r - 7. List the prime factors of q(a).
11
What are the prime factors of 4 + -3*3/(-3)?
7
Suppose 2*l - 2*d - 56 = 0, -3*l + 0*l + 5*d + 78 = 0. List the prime factors of l.
31
Let g(x) = 8*x - 4. What are the prime factors of g(3)?
2, 5
Suppose -o = w + 24, 0*o - 4*o = 12. Let a = w + 32. List the prime factors of a.
11
Let c = 76 - 33. List the prime factors of c.
43
Suppose 4*a - 5*y - 202 = 0, 42 = 3*a - 2*a + 3*y. What are the prime factors of a?
2, 3
Let h(p) = -p**2 + 33. Let w(t) = -t - 6. Let z be w(-6). List the prime factors of h(z).
3, 11
Suppose 646 = 5*j + c, 5*c + 253 = 9*j - 7*j. List the prime factors of j.
3, 43
Let w(i) = -i**2 + 2*i + 3. Let c be w(3). Let k be (-4 - -1) + c + 0. What are the prime factors of 3 - (k - -2)*2?
5
Suppose -3*n = 2*z - 8, -2*n + 2*z - 1 - 7 = 0. Suppose n = 5*i - 63 - 17. List the prime factors of i.
2
Let n(w) be the first derivative of -3*w**4/4 - w**3/3 - w**2/2 - w + 1. What are the prime factors of n(-1)?
2
Suppose -25 = 5*i - 0*i. Let m be (-3)/(-2)*(-4)/3. Let d = m - i. List the prime factors of d.
3
Let z be (-2)/(-1)*(2 + -3). Let p(h) = h**2 + 3*h. Let v be p(-4). Let j = v - z. List the prime factors of j.
2, 3
Let m(s) be the third derivative of -s**6/40 + s**4/24 + s**3/3 + 2*s**2. Let b be m(-2). Let d = -13 + b. List the prime factors of d.
11
Suppose -5*v = 4*p - 705, 5*v - 5*p = v + 564. What are the prime factors of v?
3, 47
What are the prime factors of (13 - -79) + -1 + -3?
2, 11
Let q = -136 + 235. What are the prime factors of q?
3, 11
Suppose -15 = -5*p, -564 = -4*q - q - 3*p. List the prime factors of q.
3, 37
Suppose -5*b + 3*b = -6. List the prime factors of b.
3
Let m be 7/14*(0 + 120). Suppose 2*q + q - m = 0. Suppose 5*i = 35 + q. What are the prime factors of i?
11
Suppose 0 = 5*p + 27 - 102. List the prime factors of p.
3, 5
Let p = -61 + 85. List the prime factors of p.
2, 3
Suppose -5*l = -11 - 19. Let n(k) = 8*k + k**2 + l - 4*k**2 + 2*k**2 + 1. List the prime factors of n(8).
7
Let q(w) be the first derivative of w**3/3 - 5*w**2/2 - 4*w - 6. List the prime factors of q(7).
2, 5
Let y = -2 - -11. What are the prime factors of y?
3
Let d = -5 + 17. Suppose 3*t + z - 18 = 0, 3*t = 3*z - 2*z + d. List the prime factors of t.
5
Suppose -n + 24 = -3*n. Let k be (-4)/n - 16/(-6). Suppose -4*m + 16 = 4*x - x, -k*m + 25 = -x. List the prime factors of m.
7
Suppose 5*z - 46 = 3*s + s, -2*z + 20 = -2*s. Suppose -2*o = 5*h - 22 - z, 0 = -3*o + 2*h + 61. What are the prime factors of o?
19
Let y = 9 - 6. What are the prime factors of y?
3
Let y(w) = w**2 + 14*w + 4. Let h be y(-10). Let x = h + 90. List the prime factors of x.
2, 3
Suppose -28 = -4*b + 5*y, b - 2*y - 7 = -0*b. Let v(g) = g**2 - 8*g + 9. Let h be v(b). Suppose 5*m - h = 43. What are the prime factors of m?
3
Let d be (14/(-8))/(1/(-12)). Let z = d - -7. Suppose -w = w - z. What are the prime factors of w?
2, 7
Let v be -2 + (-5)/((-5)/2). Suppose v = -3*z + 49 - 4. List the prime factors of z.
3, 5
Suppose -5*y + 6*y - 3 = 0. Let a = y + -1. List the prime factors of a.
2
Suppose 4*p + 0*p - 432 = 0. Suppose 3*v = -0*v + p. Suppose -4 = -w, 3*g + 2*w + 4 - v = 0. What are the prime factors of g?
2
Let r be (2 - 4) + 8/(-2). What are the prime factors of (r/(-4))/((-2)/(-20))?
3, 5
Suppose -4*q + 9*q - 180 = 0. Suppose -4*r = 5*o + 87, -2*o + 4*r + 27 = -3*o. What are the prime factors of (q/o)/((-6)/20)?
2
Let z = -9 - -15. Suppose -3*h = 3 + z. What are the prime factors of ((-1)/h)/(2/42)?
7
Let x(j) = j**2 + 7*j - 29. List the prime factors of x(-17).
3, 47
Suppose -3*r = -3*b + 90, -r + 63 = 3*b - 19. List the prime factors of b.
2, 7
Suppose 3*j = 7*j - 16. Suppose j*s + 5 = 5*s. Suppose -4*c - 5*n = -11, -22 = -3*c + 4*n - s*n. List the prime factors of c.
3
Let v be (2 + 0)/(2/(-8)). Suppose 0*i = i + 2*f - 19, f + 67 = 4*i. Let s = v + i. What are the prime factors of s?
3
Let s(u) = -u**3 + 5*u**2 - u - 2. Let c be s(4). Let m(o) = 2*o - 20 + 0*o + 12 + 10*o**2 + o**3 - 2*o**3. List the prime factors of m(c).
2, 3
Let h be 3/6*0/(-3). Suppose -2*x = -8, h = 7*v - 2*v - 3*x - 23. List the prime factors of v.
7
Let j = -131 - -215. List the prime factors of j.
2, 3, 7
What are the prime factors of -3*(-12)/(-9)*565/(-20)?
113
Let c = 2 - 0. Suppose 0 = -4*v - o + 41, 0 = -c*o + 10. List the prime factors of v.
3
What are the prime factors of 1 - 3 - 450/(-10)?
43
Suppose 0 = -5*b - 3*t, -5*b - 4*t + 30 = -7*t. Suppose j + 5*s = 45, 6*j - b*j - 145 = -5*s. What are the prime factors of j?
2, 5
Let t be (-10)/(-5) + 34 + 0. Let w = t + -22. What are the prime factors of w?
2, 7
List the prime factors of 2/12 - 515/(-12)*2.
2, 43
Suppose 3*u - 2 = 4*u. What are the prime factors of u/(-4)*(54 + -6)?
2, 3
Let t(r) = -8*r**3 - r**2 - r. Let i = -7 - -10. Let j = 2 - i. List the prime factors of t(j).
2
Let l = 118 + -3. List the prime factors of l.
5, 23
Suppose 2*j + 3*j = -5*o + 190, 3*j + 198 = 5*o. What are the prime factors of o?
3, 13
Suppose -5*p = -0*p. Suppose p = -2*y + 5*y - 33. What are the prime factors of y?
11
Let j(f) = f + 2. Let h be j(0). Let x be (-1)/(-2*h/16). Suppose n = -p + 13, x*p + 16 + 4 = 4*n. List the prime factors of n.
3
Let z(v) = 83*v**2 - 4*v + 4. List the prime factors of z(1).
83
Suppose -3*v = -5*v - d + 4, 3*d = 0. Suppose -3*t - v*t = -45. What are the prime factors of t?
3
Suppose -2*c + 5*a - 25 = 0, -5*a + 10*a - 25 = 0. Suppose 45 = 3*x - 2*p, c = -4*x + 2*x - 2*p + 40. What are the prime factors of x?
17
Let o(n) = 0*n**2 + 7*n**2 + 14*n - n**3 - 2 - 12*n - 9*n. Let a = 7 + -2. What are the prime factors of o(a)?
13
Let h = -114 + 134. List the prime factors of h.
2, 5
Let h = 11 - 21. Let t = 22 + h. Suppose 5*a - 3 - t = 0. What are the prime factors of a?
3
Suppose 0 = -k + 2*p - 6*p - 5, k - 2*p = -5. Let f = 1 - -1. Let c = f - k. List the prime factors of c.
7
Let d = 18 - 14. What are the prime factors of d?
2
Suppose 0 = -5*g - 5*i + 355, -3*i + 4*i - 293 = -4*g. What are the prime factors of g?
2, 37
Let l(m) be the third derivative of -m**4/12 - m**3/3 + 7*m**2. List the prime factors of l(-12).
2, 11
Let d = 111 - 35. Suppose 0 = 3*y - y + u - 36, -4*y - 3*u = -d. List the prime factors of y.
2
Let b = 12 - -122. What are the prime factors of b?
2, 67
Suppose 5*r - 3*r - 156 = 0. What are the prime factors of r?
2, 3, 13
Suppose -4*k = -21 + 1. List the prime factors of 109/k + 1/5.
2, 11
Let k